 y = h - -29. What is the remainder when y is divided by d?
39
Let h be (-10)/4*(4 - (-120)/(-25)). Suppose -h*j + 153 = 57. Let q(y) = -y**2 - 10*y + 17. What is the remainder when j is divided by q(-10)?
14
Suppose 22*z - 4050 = -3*z. Let q = z - 152. What is the remainder when q is divided by (1 - (1 - -2))*-1?
0
Suppose 2*s = -621 + 27. Let z = s - -375. Calculate the remainder when 1246 is divided by z.
76
Suppose -112*h - 130*h + 9988 = -220*h. What is the remainder when 1403 is divided by h?
41
Let g(t) = 327*t + 269. Let z be g(-5). Let j = -969 - z. Calculate the remainder when j is divided by 19.
17
Let l = -1235 + 1267. Let n = -17 - -37. Suppose 7*z - n = 29. Calculate the remainder when l is divided by z.
4
Suppose 36*c = 3209 + 8779. Calculate the remainder when c is divided by 106.
15
Suppose 25*h + 3*h - 1423 = 369. Let m = -34 + 47. What is the remainder when h is divided by m?
12
Suppose -3*r = -5*b + 381, r + 445 = 7*b - 82. Calculate the remainder when 254 is divided by b.
29
Let u(k) = 2*k**3 + 34*k**2 + 5*k + 72. Calculate the remainder when u(-15) is divided by 260.
117
Let p = 126 + -77. Suppose -71*m = 24*m - 1520. Calculate the remainder when p is divided by m.
1
Suppose -29 = -m + 11. Suppose 194*k + m = 196*k. What is the remainder when 299 is divided by k?
19
Let l(v) = -3*v**3 - 32*v**2 - 24*v - 12. What is the remainder when 810 is divided by l(-10)?
26
Let r(u) = 1136*u + 4664. What is the remainder when 1770 is divided by r(-4)?
90
Let g = -24 + 36. Suppose x - 3*w - 5 = 15, 3*w - g = -3*x. Let o = 871 - 801. What is the remainder when o is divided by x?
6
Let g(v) = v**2 - 9*v + 19. Let m(s) = s**2 - 12*s - 19. Calculate the remainder when m(-3) is divided by g(8).
4
Let j be (-7 - -3) + (-4 - -9). Let k(q) = 15*q**3 - q**2 + q - 2. Let f(a) = 9*a**2 - a. Calculate the remainder when f(-2) is divided by k(j).
12
What is the remainder when 83 + (120/150)/(3/15) is divided by 43?
1
Let r = 298 + -286. Let p = 78 - -5. What is the remainder when p is divided by r?
11
Let s(d) = -56*d - 874. Calculate the remainder when s(-32) is divided by 40.
38
Suppose 16 = 4*c, 0 = 6*v - v + c - 19. Suppose -v*t + q + 38 = 5*q, 0 = -4*t + 2*q + 80. Calculate the remainder when t is divided by -3 + 12 - (-16)/(-4).
3
Suppose 0 = 9762*w - 9774*w + 1404. What is the remainder when 117 is divided by w?
0
Let o(s) = 2*s**3 + 38*s**2 + 146*s + 47. What is the remainder when o(-8) is divided by 63?
35
Let s(z) = -z + 18. Suppose 12 = 4*b - 7*g + 3*g, -4*g - 14 = -3*b. What is the remainder when 68 is divided by s(b)?
8
Calculate the remainder when 140*1/4*(-2292)/(-21) is divided by 952.
12
Suppose 1948 - 270 = 3*h + 5*k, -5*h = 3*k - 2834. Calculate the remainder when 2294 is divided by h.
10
Let w = 46 + 90. Let x(k) = -k**2 + 131*k - 1850. Let z be x(15). Let r = w + z. Calculate the remainder when 101 is divided by r.
23
Let i be 1/3 + 4/(24/34). Suppose 0 = -o + i*o + c - 337, -3*c + 6 = 0. What is the remainder when o is divided by 4?
3
Suppose 49*f - 48*f - 53 = 0. Let o = 80 - f. Calculate the remainder when o is divided by 15 - ((-9)/3)/3.
11
Let f = 259 - 251. What is the remainder when 307 is divided by 2/f*246 + 3/6?
59
Suppose 756 = 16*o - 2*o. Suppose c + 4*b - o = -b, 4*c = b + 216. Calculate the remainder when c is divided by 28.
26
Suppose 12 = 2*l + 4*l. Let h = -333 - -337. Suppose -303 = -5*k + c, -90 + 220 = l*k + h*c. Calculate the remainder when k is divided by 33.
28
Let o be -6*(-2)/32 + (-105)/(-40). Let u(g) = 3*g**3 - 7*g**2 + 6. Calculate the remainder when 67 is divided by u(o).
19
Suppose -6*u = -7*u + 4, 2*u = -3*i + 38. Calculate the remainder when 6/i - ((-3192)/30 - -1) is divided by 18.
16
Suppose -k = -4*m - 4*k + 408, -102 = -m - 3*k. What is the remainder when 217 is divided by m?
13
Let x be 33 + (-2)/(24/9)*-4. Suppose x = 5*q + 1. Suppose -3*m + 5*n - q*n = -52, m = -n + 17. Calculate the remainder when m is divided by 2.
0
Let x be 198/(-44)*220/3. Let n = -244 - x. Calculate the remainder when n is divided by 25.
11
Suppose -2585*f + 2588*f = 204. Calculate the remainder when 410 is divided by f.
2
Let u be ((-23)/(-2) + -10)/((-3)/20). What is the remainder when (-19798)/(-95) - (-4)/u is divided by 14?
12
What is the remainder when 781 is divided by (60/(-21))/(17 + (-9294)/546)?
1
Let z(f) = 251*f - 44. Let a be z(2). Let o = 507 - a. Calculate the remainder when o is divided by 25.
24
Suppose 5*g = -2*v + 6*v - 151, -5*v - g + 167 = 0. Calculate the remainder when v is divided by ((-3)/(-2))/(16/96).
7
What is the remainder when 678 is divided by (-8)/14 - (-3)/((-147)/(-959))?
13
Calculate the remainder when (-2)/(-4) - 99/(-2) is divided by -5*1*13426/(-4795).
8
Let w = -1590 - -2828. Calculate the remainder when w is divided by 206.
2
Let d(m) = 2*m**2 - 6*m - 4. Let v be d(9). Suppose -19*x = -8*x. Suppose 2*t + 6*t - v = x. What is the remainder when 36 is divided by t?
10
Let t(x) = x**2 - 10*x - 49. Let n be t(12). Calculate the remainder when 127 is divided by (10/n)/((-2)/215).
41
Let a(d) = -3*d**3 - 35*d**2 - 6*d - 175. Suppose -m - 2*m + 54 = 0. Calculate the remainder when a(-12) is divided by m.
5
Let l(i) = 8*i**2 - 275*i - 1351. Calculate the remainder when l(-5) is divided by 79.
66
Suppose 0*t = t - u - 14, -1 = t + 2*u. Let c be ((-40)/(-25))/(2/(-10)*-1). Calculate the remainder when (24/(-6))/((-2)/c) is divided by t.
7
Let r = 23 - 27. Let y be (-532)/r - -2 - -1. Suppose 12*h = 14*h - y. Calculate the remainder when h is divided by 12.
8
Let l(s) = 7*s**2 + 15*s + 20*s - 29*s + 9*s + 5*s. Calculate the remainder when 127 is divided by l(-4).
31
Let q be -4 - (4 + (-1)/((-1)/(-60))). Suppose 0 = -6*k + 208 - q. Calculate the remainder when 102 is divided by k.
24
Let s = 1374 + -956. Calculate the remainder when s is divided by 50.
18
Suppose 4164 - 2105 = 19*f - 6358. What is the remainder when f is divided by 9?
2
Suppose 5*a - 1476*r + 1473*r - 93335 = 0, -5*a + 93330 = -4*r. Calculate the remainder when a is divided by 4.
2
Suppose -124*a + 116*a + 40 = 0. Suppose 2*h = 5*m + 145, 3*h - a*m - 99 = 116. Calculate the remainder when 136 is divided by h.
66
Suppose -149*m + 273*m = 148*m - 3000. What is the remainder when m is divided by 31?
1
Let f = 43 + -18. Let c = 13619 - 13502. What is the remainder when c is divided by f?
17
Let x = 87 - -251. Let v = -247 + x. What is the remainder when 635 is divided by v?
89
Let x be (-2)/(-7) - 176016/(-168). Calculate the remainder when x/48 + (-57)/(-18) + -3 is divided by 18.
4
Suppose 21*n = -16556 + 22121. What is the remainder when 305 is divided by n?
40
Let g(r) = 3*r**2 + 63*r - 183. Let u = 213 + -149. What is the remainder when u is divided by g(-24)?
31
Let v(d) = -2*d + 5. Let k be v(-2). Suppose 5*w + k = w + 5*l, 2*l - 24 = 5*w. What is the remainder when 63 is divided by (14/6)/((-1)/w) - 3?
8
Suppose 0 = -2*s - 6, 0 = 4*a - 0*s - 3*s - 353. Suppose -h + 47 = g, 2*h = -5*g + a + 14. Calculate the remainder when 176 is divided by h.
41
Let n(z) = -z**3 + 5*z**2 + 3*z - 3. Let h be n(6). What is the remainder when (-2)/(-9) - (-3005)/45 is divided by 16 + (1/(-3))/(7/h)?
16
Let s = 61 + -42. Suppose -i - 57 = -r, -4*r - 2*i = r - 320. Calculate the remainder when r is divided by s.
5
Let o(k) = 13*k**3 - k**2 + 15*k - 37. What is the remainder when o(2) is divided by 46?
1
Let s = 8107 - 7866. What is the remainder when s is divided by 109?
23
Suppose -2*t - 5*b + 9*b + 26 = 0, b + 4 = 0. Suppose t*u = 260 + 105. What is the remainder when u is divided by 22?
7
Suppose -3*s - 72*s = -20175. Calculate the remainder when s is divided by 54.
53
Let c(j) = -j**3 + j**2 + 1. Let r be c(2). Let l be (-6 + 8)/(r/(-93)). Suppose 2*m + l = 3*m. What is the remainder when m is divided by 13?
10
Let d = -126 + 130. What is the remainder when 273 is divided by d?
1
Suppose -32 + 11 = -f. Suppose -3*r = 4*v - 324, 5*r + 292 = -v + 5*v. Let d = 138 - v. What is the remainder when d is divided by f?
18
Suppose -2*u - t = 0, -5*u - 4*t + 3 = -3. Let h = u + 6. Suppose -98 + 18 = -h*f. What is the remainder when 57 is divided by f?
17
Suppose -4*c = 89 - 1401. Suppose -c*q = -334*q + 516. What is the remainder when q 